e remainder when 531815 is divided by 8?
7
What is the remainder when 8078 is divided by 84?
14
What is the remainder when 60994 is divided by 92?
90
What is the remainder when 57228 is divided by 57207?
21
What is the remainder when 6804832 is divided by 659?
657
What is the remainder when 233283 is divided by 97?
95
Calculate the remainder when 862 is divided by 429.
4
What is the remainder when 19048 is divided by 17?
8
What is the remainder when 130388 is divided by 43459?
11
What is the remainder when 8045 is divided by 27?
26
What is the remainder when 1537 is divided by 167?
34
What is the remainder when 436 is divided by 197?
42
Calculate the remainder when 3066 is divided by 325.
141
Calculate the remainder when 1110 is divided by 7.
4
What is the remainder when 1290742 is divided by 26?
24
What is the remainder when 25754 is divided by 213?
194
What is the remainder when 26777 is divided by 13?
10
Calculate the remainder when 47380 is divided by 106.
104
What is the remainder when 33612 is divided by 1533?
1419
Calculate the remainder when 59777 is divided by 212.
205
Calculate the remainder when 2406149 is divided by 473.
471
Calculate the remainder when 1485718 is divided by 72.
70
Calculate the remainder when 19342 is divided by 48.
46
Calculate the remainder when 72357 is divided by 134.
131
Calculate the remainder when 751895 is divided by 86.
83
What is the remainder when 562418 is divided by 1311?
1310
What is the remainder when 11279 is divided by 124?
119
What is the remainder when 149911 is divided by 11531?
8
What is the remainder when 14374 is divided by 307?
252
What is the remainder when 9865 is divided by 2441?
101
What is the remainder when 83789 is divided by 315?
314
Calculate the remainder when 878218 is divided by 119.
117
What is the remainder when 257 is divided by 55?
37
What is the remainder when 5215 is divided by 301?
98
Calculate the remainder when 16939 is divided by 155.
44
Calculate the remainder when 11539 is divided by 769.
4
Calculate the remainder when 149666 is divided by 527.
525
What is the remainder when 2014 is divided by 122?
62
What is the remainder when 602 is divided by 293?
16
What is the remainder when 35340 is divided by 3881?
411
What is the remainder when 4486 is divided by 33?
31
What is the remainder when 20791 is divided by 6759?
514
Calculate the remainder when 247 is divided by 34.
9
Calculate the remainder when 13881 is divided by 822.
729
Calculate the remainder when 29165 is divided by 503.
494
What is the remainder when 23347 is divided by 278?
273
What is the remainder when 125111 is divided by 242?
239
What is the remainder when 38967 is divided by 348?
339
Calculate the remainder when 98639 is divided by 9861.
29
What is the remainder when 8147 is divided by 35?
27
What is the remainder when 4017 is divided by 55?
2
Calculate the remainder when 10525 is divided by 1360.
1005
Calculate the remainder when 17909 is divided by 15.
14
What is the remainder when 47834 is divided by 27?
17
What is the remainder when 20418 is divided by 822?
690
What is the remainder when 20123 is divided by 69?
44
What is the remainder when 28005 is divided by 109?
101
What is the remainder when 30615 is divided by 63?
60
What is the remainder when 6454108 is divided by 741?
739
Calculate the remainder when 1276 is divided by 31.
5
What is the remainder when 677866 is divided by 327?
322
Calculate the remainder when 13562 is divided by 23.
15
Calculate the remainder when 44392 is divided by 149.
139
What is the remainder when 8121 is divided by 2644?
189
Calculate the remainder when 15177 is divided by 100.
77
What is the remainder when 230846 is divided by 46168?
6
Calculate the remainder when 6401 is divided by 309.
221
Calculate the remainder when 20693 is divided by 102.
89
Calculate the remainder when 6210 is divided by 510.
90
Calculate the remainder when 22438 is divided by 316.
2
What is the remainder when 194911 is divided by 97441?
29
What is the remainder when 117868 is divided by 9?
4
Calculate the remainder when 8727 is divided by 97.
94
Calculate the remainder when 1842 is divided by 246.
120
Calculate the remainder when 5968 is divided by 215.
163
Calculate the remainder when 449 is divided by 18.
17
Calculate the remainder when 53142 is divided by 146.
144
What is the remainder when 48705 is divided by 49?
48
What is the remainder when 143890 is divided by 42?
40
What is the remainder when 1429 is divided by 35?
29
What is the remainder when 11364 is divided by 218?
28
What is the remainder when 19617 is divided by 12?
9
Calculate the remainder when 222291 is divided by 6.
3
What is the remainder when 7058 is divided by 208?
194
Calculate the remainder when 25539 is divided by 73.
62
Calculate the remainder when 132272 is divided by 21.
14
Calculate the remainder when 98141 is divided by 15.
11
Calculate the remainder when 538710 is divided by 3961.
14
Calculate the remainder when 276425 is divided by 7.
2
What is the remainder when 591 is divided by 477?
114
Calculate the remainder when 7661 is divided by 792.
533
What is the remainder when 2742 is divided by 80?
22
Calculate the remainder when 3761 is divided by 569.
347
What is the remainder when 11527 is divided by 74?
57
Calculate the remainder when 31450 is divided by 23.
9
Calculate the remainder when 2476 is divided by 803.
67
Calculate the remainder when 1859 is divided by 383.
327
Calculate the remainder when 10524 is divided by 818.
708
What is the remainder when 3533 is divided by 2129?
1404
What is the remainder when 79684 is divided by 466?
464
What is the remainder when 133528 is divided by 133513?
15
Calculate the remainder when 1729 is divided by 1722.
7
What is the remainder when 19611 is divided by 66?
9
What is the remainder when 24213 is divided by 150?
63
Calculate the remainder when 51415 is divided by 189.
7
Calculate the remainder when 190624 is divided by 19.
16
Calculate the remainder when 54142 is divided by 55.
22
Calculate the remainder when 29198 is divided by 37.
5
Calculate the remainder when 106382 is divided by 119.
115
Calculate the remainder when 340935 is divided by 340921.
14
What is the remainder when 8555 is divided by 171?
5
What is the remainder when 41104 is divided by 186?
184
Calculate the remainder when 646 is divided by 360.
286
What is the remainder when 2544 is divided by 777?
213
Calculate the remainder when 9203 is divided by 10.
3
What is the remainder when 6784529 is divided by 753?
752
Calculate the remainder when 12515 is divided by 379.
8
What is the remainder when 986 is divided by 297?
95
What is the remainder when 53112 is divided by 141?
96
Calculate the remainder when 21482 is divided by 307.
299
Calculate the remainder when 1309669 is divided by 56.
53
What is the remainder when 10448 is divided by 17?
10
Calculate the remainder when 38371 is divided by 14.
11
Calculate the remainder when 7841 is divided by 1957.
13
What is the remainder when 649 is divided by 118?
59
What is the remainder when 2528 is divided by 1261?
6
Calculate the remainder when 2955 is divided by 486.
39
What is the remainder when 10729 is divided by 3482?
283
Calculate the remainder when 7731 is divided by 1069.
248
What is the remainder when 398398 is divided by 16?
14
What is the remainder when 3128 is divided by 1539?
50
What is the remainder when 259496 is divided by 50?
46
What is the remainder when 11645 is divided by 2322?
35
What is the remainder when 707 is divided by 15?
2
Calculate the remainder when 30192 is divided by 53.
35
What is the remainder when 30293 is divided by 10085?
38
Calculate the remainder when 35740 is divided by 1985.
10
Calculate the remainder when 24069 is divided by 65.
19
What is the remainder when 1540339 is divided by 20?
19
What is the remainder when 1066 is divided by 460?
146
Calculate the remainder when 8620 is divided by 1069.
68
What is the remainder when 54228 is divided by 34?
32
Calculate the remainder when 39677 is divided by 160.
157
Calculate the remainder when 4495 is divided by 514.
383
Calculate the remainder when 15348 is divided by 2558.
0
What is the remainder when 73170 is divided by 704?
658
What is the remainder when 33900 is divided by 